 670?
6
What is the tens digit of 2584?
8
What is the ten thousands digit of 59927?
5
What is the thousands digit of 48228?
8
What is the tens digit of 168705?
0
What is the thousands digit of 2039?
2
What is the hundreds digit of 4313?
3
What is the hundreds digit of 22456?
4
What is the tens digit of 2503?
0
What is the units digit of 14559?
9
What is the hundreds digit of 1784?
7
What is the tens digit of 272?
7
What is the tens digit of 18927?
2
What is the tens digit of 605?
0
What is the thousands digit of 4289?
4
What is the tens digit of 133?
3
What is the units digit of 29793?
3
What is the thousands digit of 6920?
6
What is the thousands digit of 37743?
7
What is the tens digit of 39111?
1
What is the tens digit of 2446?
4
What is the hundreds digit of 893?
8
What is the hundreds digit of 8971?
9
What is the units digit of 9891?
1
What is the thousands digit of 6364?
6
What is the tens digit of 1278?
7
What is the ten thousands digit of 14703?
1
What is the tens digit of 2702?
0
What is the hundreds digit of 756?
7
What is the thousands digit of 4731?
4
What is the thousands digit of 12078?
2
What is the hundreds digit of 41320?
3
What is the hundreds digit of 3268?
2
What is the units digit of 202931?
1
What is the thousands digit of 7703?
7
What is the units digit of 3475?
5
What is the hundreds digit of 3133?
1
What is the hundreds digit of 80096?
0
What is the tens digit of 93752?
5
What is the units digit of 5079?
9
What is the tens digit of 100104?
0
What is the thousands digit of 5177?
5
What is the tens digit of 604?
0
What is the thousands digit of 130236?
0
What is the units digit of 32890?
0
What is the units digit of 674?
4
What is the thousands digit of 82461?
2
What is the tens digit of 59?
5
What is the tens digit of 53112?
1
What is the units digit of 166806?
6
What is the tens digit of 7503?
0
What is the thousands digit of 2969?
2
What is the ten thousands digit of 20498?
2
What is the hundreds digit of 636?
6
What is the units digit of 2068?
8
What is the hundreds digit of 6309?
3
What is the hundreds digit of 16300?
3
What is the hundreds digit of 251?
2
What is the tens digit of 46663?
6
What is the hundreds digit of 576?
5
What is the hundreds digit of 21546?
5
What is the ten thousands digit of 23883?
2
What is the thousands digit of 2153?
2
What is the hundreds digit of 32468?
4
What is the thousands digit of 4157?
4
What is the thousands digit of 3919?
3
What is the units digit of 450?
0
What is the hundreds digit of 11165?
1
What is the thousands digit of 2178?
2
What is the units digit of 208?
8
What is the units digit of 34?
4
What is the thousands digit of 47854?
7
What is the thousands digit of 7841?
7
What is the tens digit of 18752?
5
What is the hundreds digit of 382?
3
What is the units digit of 93645?
5
What is the hundreds digit of 497?
4
What is the ten thousands digit of 90843?
9
What is the thousands digit of 1870?
1
What is the units digit of 17294?
4
What is the hundreds digit of 13097?
0
What is the units digit of 87914?
4
What is the tens digit of 17200?
0
What is the hundreds digit of 78520?
5
What is the thousands digit of 1103?
1
What is the tens digit of 2394?
9
What is the tens digit of 28427?
2
What is the hundreds digit of 242?
2
What is the ten thousands digit of 31606?
3
What is the tens digit of 9437?
3
What is the thousands digit of 8673?
8
What is the thousands digit of 3648?
3
What is the units digit of 8376?
6
What is the hundreds digit of 5589?
5
What is the hundreds digit of 135970?
9
What is the hundreds digit of 17868?
8
What is the tens digit of 1529?
2
What is the thousands digit of 13003?
3
What is the thousands digit of 19290?
9
What is the units digit of 62583?
3
What is the hundreds digit of 9738?
7
What is the units digit of 7432?
2
What is the units digit of 1368?
8
What is the units digit of 31541?
1
What is the tens digit of 2995?
9
What is the units digit of 3393?
3
What is the tens digit of 772?
7
What is the hundreds digit of 3423?
4
What is the hundreds digit of 4602?
6
What is the tens digit of 3682?
8
What is the hundreds digit of 527?
5
What is the hundreds digit of 490?
4
What is the tens digit of 647?
4
What is the units digit of 6452?
2
What is the units digit of 841?
1
What is the units digit of 247?
7
What is the units digit of 34839?
9
What is the ten thousands digit of 30409?
3
What is the tens digit of 157?
5
What is the hundreds digit of 19634?
6
What is the hundreds digit of 2346?
3
What is the units digit of 13479?
9
What is the ten thousands digit of 35349?
3
What is the hundreds digit of 99732?
7
What is the tens digit of 482?
8
What is the ten thousands digit of 24246?
2
What is the tens digit of 5858?
5
What is the ten thousands digit of 12645?
1
What is the units digit of 2551?
1
What is the hundreds digit of 2387?
3
What is the hundreds digit of 2456?
4
What is the thousands digit of 6173?
6
What is the tens digit of 13590?
9
What is the ten thousands digit of 19305?
1
What is the hundreds digit of 1011?
0
What is the thousands digit of 2872?
2
What is the tens digit of 2753?
5
What is the tens digit of 1319?
1
What is the tens digit of 33622?
2
What is the units digit of 1420?
0
What is the units digit of 209478?
8
What is the hundreds digit of 1160?
1
What is the tens digit of 14459?
5
What is the hundreds digit of 4733?
7
What is the thousands digit of 20365?
0
What is the units digit of 12645?
5
What is the ten thousands digit of 29714?
2
What is the units digit of 1592?
2
What is the hundreds digit of 815?
8
What is the tens digit of 3096?
9
What is the hundreds digit of 886?
8
What is the hundreds digit of 19385?
3
What is the units digit of 7392?
2
What is the thousands digit of 6918?
6
What is the units digit of 2728?
8
What is the units digit of 1139?
9
What is the units digit of 113?
3
What is the thousands digit of 4629?
4
What is the units digit of 2588?
8
What is the hundreds digit of 3494?
4
What is the hundreds digit of 15319?
3
What is the tens digit of 7022?
2
What is the hundreds digit of 76556?
5
What is the tens digit of 1086?
8
What is the tens digit of 1359?
5
What is the thousands digit of 1786?
1
What is the units digit of 431?
1
What is the hundreds digit of 63479?
4
What is the tens digit of 38883?
8
What is the units digit of 72?
2
What is the units digit of 7934?
4
What is the thousands digit of 5278?
5
What is the hundreds digit of 18341?
3
What is the thousands digit of 74274?
4
What is the thousands digit of 7257?
7
What is the tens digit of 21001?
0
What is the hundreds digit of 22384?
3
What is the tens digit of 162?
6
What is the ten thousands digit of 14378?
1
What is the units digit of 39401?
1
What is the units digit of 282?
2
What is the units digit of 38684?
4
What is the units digit of 7982?
2
What is the hundreds digit of 450?
4
What is the hundreds digit of 50091?
0
What is the hundreds digit of 13011?
0
What is the units digit of 5788?
8
What is the units digit of 4502?
2
What is the hundreds digit of 224?
2
What is the units digit of 1910?
0
What is the tens digit of 5582?
8
What is the hundreds digit of 1142?
1
What is the thousands digit of 9723?
9
What is the hundreds digit of 14005?
0
What is the hundreds digit of 667?
6
What is the thousands digit of 11327?
1
What is the units digit of 1167?
7
What is the hundreds digit of 7481?
4
What is the hundreds digit of 65629?
6
What is the thousands digit of 13758?
3
What is the hundreds digit of 4142?
1
What is the tens digit of 30886?
8
What is the thousands digit of 2689?
2
What is the tens digit of 221?
2
What is the units digit of 35721?
1
What is the units digit of 17532?
2
What is the tens digit of 11286?
8
What is the ten thousands digit of 16258?
1
What is the thousands digit of 46205?
6
What is the hundreds digit of 34431?
4
What is the units digit of 6483?
3
What is the hundred thousands digit of 106061?
1
What is the tens digit of 27459?
5
What is the tens digit of 746?
4
What is the hundreds digit of 5397?
3
What is the tens digit of 2669?
6
What is the hundreds digit of 1023?
0
What is the tens digit of 3356?
5
What is the thousands digit of 18069?
8
What is the hundreds digit of 9150?
1
What is the hundreds digit of 1988?
9
What is